0?
False
Does 9 divide 1521027?
True
Does 13 divide 189332?
True
Does 47 divide 139966?
True
Is 338 a factor of 9250722?
True
Does 10 divide 2584550?
True
Is 232047 a multiple of 19?
True
Does 159 divide 9672447?
True
Is 114305 a multiple of 560?
False
Is 146 a factor of 938146?
False
Is 89 a factor of 7566068?
True
Is 5947515 a multiple of 237?
True
Is 63001 a multiple of 251?
True
Does 529 divide 5854033?
False
Is 8 a factor of 594605?
False
Does 50 divide 1151219?
False
Is 560 a factor of 3632160?
True
Is 1995 a factor of 2652054?
False
Is 6168641 a multiple of 151?
False
Is 3360368 a multiple of 9?
False
Does 12 divide 5688441?
False
Does 16 divide 1501938?
False
Does 848 divide 3180091?
False
Does 85 divide 20400?
True
Is 6330660 a multiple of 105?
True
Does 7 divide 101710?
True
Is 13830 a multiple of 29?
False
Is 73 a factor of 78767?
True
Is 1227163 a multiple of 94?
False
Is 392827 a multiple of 14?
False
Is 190 a factor of 1642930?
True
Is 166107 a multiple of 34?
False
Does 5 divide 1794680?
True
Is 4 a factor of 1105420?
True
Is 41 a factor of 991299?
False
Does 956 divide 6796204?
True
Does 24 divide 605668?
False
Does 11 divide 1668021?
False
Is 323723 a multiple of 8?
False
Is 17 a factor of 681646?
False
Is 905 a factor of 2051251?
False
Does 23 divide 87143?
False
Is 6495516 a multiple of 12?
True
Does 11 divide 2823329?
False
Is 4352000 a multiple of 250?
True
Does 12 divide 997919?
False
Is 106020 a multiple of 186?
True
Is 145713 a multiple of 59?
False
Is 70 a factor of 3581970?
True
Does 24 divide 87744?
True
Is 7 a factor of 131376?
True
Is 377576 a multiple of 866?
True
Is 1867 a factor of 15507302?
True
Is 505170 a multiple of 90?
True
Is 298854 a multiple of 75?
False
Is 361 a factor of 1410054?
False
Does 32 divide 1093248?
True
Is 6445923 a multiple of 1042?
False
Is 47 a factor of 1079684?
True
Does 6 divide 91950?
True
Is 5134 a multiple of 8?
False
Is 101595 a multiple of 11?
False
Is 167 a factor of 2239136?
True
Is 323856 a multiple of 36?
True
Does 119 divide 50694?
True
Is 1949613 a multiple of 8?
False
Does 63 divide 229621?
False
Is 953388 a multiple of 373?
True
Does 11 divide 865920?
True
Is 13 a factor of 49837?
False
Does 41 divide 21856?
False
Is 139689 a multiple of 17?
True
Is 13 a factor of 14154142?
False
Is 94 a factor of 469661?
False
Is 2280508 a multiple of 35?
False
Is 449 a factor of 8870444?
True
Is 16 a factor of 519280?
True
Does 64 divide 59584?
True
Does 18 divide 1574608?
False
Does 9 divide 12051?
True
Is 7103220 a multiple of 84?
False
Is 6087375 a multiple of 75?
True
Is 6075996 a multiple of 353?
False
Does 15 divide 7260?
True
Does 1178 divide 638077?
False
Is 34 a factor of 814418?
False
Is 36 a factor of 526466?
False
Is 98 a factor of 63172?
False
Is 767 a factor of 2940678?
True
Does 196 divide 3385312?
True
Does 8 divide 11362088?
True
Is 294 a factor of 3086051?
False
Is 18 a factor of 474201?
False
Is 89802 a multiple of 40?
False
Does 26 divide 862964?
False
Is 13 a factor of 1159587?
True
Does 121 divide 14731546?
False
Does 117 divide 2424474?
True
Does 47 divide 367779?
False
Is 677 a factor of 291787?
True
Is 6 a factor of 77512?
False
Is 17098115 a multiple of 24?
False
Does 57 divide 801648?
True
Is 7 a factor of 77993?
False
Does 2 divide 17292?
True
Is 271 a factor of 300310?
False
Is 32 a factor of 3503168?
True
Is 23 a factor of 75319?
False
Is 382228 a multiple of 119?
True
Is 48358 a multiple of 14?
False
Does 42 divide 23096?
False
Is 314 a factor of 239532?
False
Is 814062 a multiple of 34?
True
Does 842 divide 11624652?
True
Is 465490 a multiple of 6?
False
Does 34 divide 128565?
False
Is 63283 a multiple of 27?
False
Is 403956 a multiple of 441?
True
Is 444413 a multiple of 18?
False
Does 24 divide 42125808?
True
Is 349 a factor of 10670326?
True
Is 5922296 a multiple of 47?
False
Is 366 a factor of 530270?
False
Does 9 divide 896363?
False
Is 904 a factor of 1981568?
True
Is 22 a factor of 36510826?
True
Is 4 a factor of 56201?
False
Does 42 divide 194922?
True
Does 12 divide 17556?
True
Is 228 a factor of 12590906?
False
Is 24 a factor of 32755?
False
Is 259 a factor of 350520?
False
Is 146133 a multiple of 13?
True
Is 2515150 a multiple of 34?
True
Is 31 a factor of 2043003?
False
Is 50706 a multiple of 54?
True
Is 11 a factor of 370729?
False
Is 700340 a multiple of 20?
True
Is 141467 a multiple of 19?
False
Does 437 divide 2089476?
False
Does 342 divide 415475?
False
Is 47 a factor of 119819?
False
Does 171 divide 2131857?
True
Is 2511064 a multiple of 776?
False
Does 173 divide 8246812?
False
Does 27 divide 10593?
False
Is 18 a factor of 63795?
False
Is 63 a factor of 9785156?
False
Does 363 divide 408629?
False
Is 224645 a multiple of 251?
True
Is 192 a factor of 8064?
True
Is 98982 a multiple of 8?
False
Is 5287676 a multiple of 19?
False
Is 86 a factor of 315018?
True
Does 12 divide 210984?
True
Is 6020400 a multiple of 24?
True
Is 96 a factor of 4224?
True
Is 6 a factor of 2748147?
False
Does 2 divide 568893?
False
Is 50 a factor of 214602?
False
Is 354 a factor of 113875?
False
Is 68094 a multiple of 97?
True
Does 77 divide 1814659?
True
Is 19 a factor of 6856416?
True
Is 20 a factor of 655309?
False
Is 1079 a factor of 8749086?
False
Is 22287 a multiple of 30?
False
Is 3353784 a multiple of 207?
False
Does 26 divide 2062944?
True
Is 263339 a multiple of 132?
False
Is 97 a factor of 496552?
False
Is 215760 a multiple of 174?
True
Does 10 divide 555520?
True
Is 1770807 a multiple of 21?
False
Is 1958896 a multiple of 191?
True
Does 79 divide 2635124?
True
Is 47 a factor of 59455?
True
Does 126 divide 27720?
True
Is 102871 a multiple of 76?
False
Does 9 divide 118420?
False
Is 26 a factor of 441584?
True
Is 380049 a multiple of 153?
False
Does 47 divide 2537577?
True
Does 8 divide 1277021?
False
Is 102872 a multiple of 77?
True
Does 1245 divide 11909670?
True
Does 411 divide 1002602?
False
Does 32 divide 61248?
True
Is 497 a factor of 3179581?
False
Does 21 divide 393645?
True
Does 320 divide 752320?
True
Does 24 divide 2525442?
False
Is 19 a factor of 697148?
True
Is 789806 a multiple of 21?
False
Is 17 a factor of 20815?
False
Is 3018185 a multiple of 365?
True
Does 9 divide 1577241?
True
Is 9 a factor of 926451?
True
Is 474788 a multiple of 58?
True
Is 378577 a multiple of 9?
False
Is 23 a factor of 130318?
True
Is 761620 a multiple of 674?
True
Does 66 divide 2952048?
True
Is 8628438 a multiple of 14?
True
Does 70 divide 444570?
True
Is 15 a factor of 2569155?
True
Is 4012120 a multiple of 178?
True
Is 3 a factor of 5601267?
True
Does 664 divide 3136306?
False
Is 5756700 a multiple of 1164?
False
Is 654813 even?
False
Is 10280 a multiple of 10?
True
Does 393 divide 118958?
False
Is 7 a factor of 119042?
True
Is 225 a factor of 2908575?
True
Does 9 divide 174060?
True
Does 21 divide 3577070?
False
Is 440 a factor of 52279?
False
Does 35 divide 11148186?
False
Is 211098 a multiple of 699?
True
Is 21342676 a multiple of 111?
False
Does 15 divide 2094508?
False
Does 107 divide 219671?
True
Is 584 a factor of 215794?
False
Is 130 a factor of 296376?
False
Is 333 a factor of 121616?
False
Does 73 divide 531805?
True
Is 173 a factor of 1729127?
False
Does 151 divide 410569?
True
Is 774224 a multiple of 11?
True
Is 223 a factor of 307740?
True
Is 3088320 a multiple of 80?
True
Is 4 a factor of 10853?
False
Is 318 a factor of 7695036?
False
Does 102 divide 856640?
False
Does 38 divide 19456?
True
Is 15849848 a multiple of 238?
True
Does 10 divide 423175?
False
Does 1216 divide 592192?
True
Is 45 a factor of 6968700?
True
Does 19 divide 197258?
True
Is 29 a factor of 5726?
False
Is 305152 a multiple of 8?
True
Does 198 divide 7778507?
False
Is 2594778 a multiple of 8?
False
Does 142 divide 227405?
False
Is 669 a factor of 3282783?
True
Does 61 divide 178947?
False
Is 102 a factor of 56277?
False
Does 32 divide 21168505?
False
Does 19 divide 120923?
False
Is 12 a factor of 1441105?
False
Is 4228308 a multiple of 282?
True
Is 2256512 a multiple of 136?
True
Is 14 a factor of 4338035?
False
Does 146 divide 1342301?
False
Is 54 a factor of 498690?
True
Does 69 divide 501260?
False
Is 485957 a multiple of 1201?
False
Is 769682 a multiple of 7?
False
Is 11